llions digit of 71137879?
1
What is the millions digit of 206547825?
6
What is the ten thousands digit of 14611978?
1
What is the tens digit of 2236831801?
0
What is the hundreds digit of 50075078?
0
What is the hundreds digit of 195746313?
3
What is the ten thousands digit of 9507160?
0
What is the millions digit of 865831203?
5
What is the units digit of 48735857?
7
What is the thousands digit of 711089505?
9
What is the tens digit of 291558475?
7
What is the units digit of 602525853?
3
What is the ten thousands digit of 2489329093?
2
What is the hundred thousands digit of 795116632?
1
What is the ten thousands digit of 6067725877?
2
What is the ten millions digit of 3349081004?
4
What is the millions digit of 3660691100?
0
What is the thousands digit of 55857914?
7
What is the hundred millions digit of 143955798?
1
What is the units digit of 1435335393?
3
What is the hundreds digit of 14398639?
6
What is the millions digit of 80920746?
0
What is the thousands digit of 31015315?
5
What is the billions digit of 1258206475?
1
What is the ten millions digit of 50948990?
5
What is the billions digit of 3586968996?
3
What is the hundred thousands digit of 21798500?
7
What is the tens digit of 570803016?
1
What is the hundred thousands digit of 74587153?
5
What is the millions digit of 609011871?
9
What is the ten thousands digit of 1137698122?
9
What is the hundreds digit of 241024463?
4
What is the hundred millions digit of 5989114041?
9
What is the millions digit of 1476232203?
6
What is the millions digit of 52525818?
2
What is the hundreds digit of 104660899?
8
What is the tens digit of 5952383801?
0
What is the hundred thousands digit of 3138382?
1
What is the thousands digit of 292690243?
0
What is the millions digit of 1646119929?
6
What is the units digit of 663726932?
2
What is the units digit of 555126772?
2
What is the hundreds digit of 5828167774?
7
What is the units digit of 18397905?
5
What is the units digit of 59904214?
4
What is the hundred thousands digit of 113439377?
4
What is the millions digit of 1167072535?
7
What is the ten millions digit of 96626361?
9
What is the hundreds digit of 1206536825?
8
What is the tens digit of 28287198?
9
What is the hundred thousands digit of 18867958?
8
What is the thousands digit of 4499275?
9
What is the thousands digit of 4955038800?
8
What is the tens digit of 484166156?
5
What is the units digit of 300294263?
3
What is the hundred thousands digit of 2470415216?
4
What is the thousands digit of 4524588112?
8
What is the millions digit of 3044691?
3
What is the units digit of 1862345?
5
What is the tens digit of 78504913?
1
What is the thousands digit of 1569250362?
0
What is the hundreds digit of 2132468836?
8
What is the hundreds digit of 1758100711?
7
What is the billions digit of 4403745918?
4
What is the millions digit of 631998839?
1
What is the ten millions digit of 315222747?
1
What is the tens digit of 119048944?
4
What is the hundred thousands digit of 13883558?
8
What is the hundreds digit of 49969398?
3
What is the hundred millions digit of 1968488938?
9
What is the hundreds digit of 282024222?
2
What is the units digit of 224509272?
2
What is the tens digit of 3065796627?
2
What is the thousands digit of 63060730?
0
What is the tens digit of 131293778?
7
What is the ten millions digit of 31429259?
3
What is the thousands digit of 26497176?
7
What is the millions digit of 1340741712?
0
What is the millions digit of 39931686?
9
What is the hundred thousands digit of 12544689?
5
What is the hundred millions digit of 1025313961?
0
What is the hundreds digit of 145724031?
0
What is the ten millions digit of 2982521575?
8
What is the tens digit of 57061542?
4
What is the thousands digit of 4211782737?
2
What is the tens digit of 867017046?
4
What is the millions digit of 1521905128?
1
What is the thousands digit of 45950423?
0
What is the units digit of 26542654?
4
What is the tens digit of 73909678?
7
What is the hundred millions digit of 510183330?
5
What is the ten millions digit of 79831520?
7
What is the tens digit of 1404853239?
3
What is the units digit of 624758781?
1
What is the tens digit of 811859794?
9
What is the units digit of 85836611?
1
What is the millions digit of 6073219?
6
What is the millions digit of 1233916285?
3
What is the tens digit of 1664528253?
5
What is the hundreds digit of 130365177?
1
What is the units digit of 1027121026?
6
What is the hundreds digit of 85365953?
9
What is the billions digit of 1072914124?
1
What is the hundreds digit of 2687226416?
4
What is the units digit of 10583850?
0
What is the hundred thousands digit of 4092322641?
3
What is the units digit of 463717671?
1
What is the millions digit of 682528477?
2
What is the hundreds digit of 1132003622?
6
What is the units digit of 112225273?
3
What is the ten thousands digit of 1555720801?
2
What is the millions digit of 399324246?
9
What is the units digit of 310786745?
5
What is the hundred millions digit of 1608264066?
6
What is the hundred thousands digit of 2437073919?
0
What is the ten thousands digit of 5027911293?
1
What is the ten millions digit of 2134625736?
3
What is the units digit of 1545297112?
2
What is the hundreds digit of 696992896?
8
What is the tens digit of 117549543?
4
What is the hundreds digit of 30104155?
1
What is the ten millions digit of 320725666?
2
What is the tens digit of 902098455?
5
What is the tens digit of 18949356?
5
What is the thousands digit of 29704719?
4
What is the ten thousands digit of 12268550?
6
What is the ten millions digit of 1305752207?
0
What is the ten thousands digit of 153081876?
8
What is the tens digit of 6089247?
4
What is the millions digit of 574300427?
4
What is the billions digit of 1307408776?
1
What is the units digit of 19743310?
0
What is the ten thousands digit of 456490603?
9
What is the tens digit of 192082865?
6
What is the tens digit of 36767451?
5
What is the hundred millions digit of 5144511974?
1
What is the thousands digit of 96333774?
3
What is the millions digit of 31917093?
1
What is the hundreds digit of 35053808?
8
What is the hundreds digit of 57479067?
0
What is the hundreds digit of 3336503145?
1
What is the ten millions digit of 54743613?
5
What is the ten thousands digit of 73066544?
6
What is the units digit of 6237879?
9
What is the ten millions digit of 2396594353?
9
What is the millions digit of 22818853?
2
What is the units digit of 96885424?
4
What is the hundreds digit of 2477567063?
0
What is the ten thousands digit of 671029001?
2
What is the billions digit of 2329816310?
2
What is the tens digit of 66731623?
2
What is the hundreds digit of 20565775?
7
What is the millions digit of 16156598?
6
What is the ten millions digit of 178285702?
7
What is the billions digit of 1133086560?
1
What is the millions digit of 137717824?
7
What is the thousands digit of 135563204?
3
What is the hundred millions digit of 967918650?
9
What is the tens digit of 725285964?
6
What is the units digit of 619589315?
5
What is the hundred millions digit of 104130473?
1
What is the hundreds digit of 1226496011?
0
What is the tens digit of 173680893?
9
What is the billions digit of 1737360629?
1
What is the thousands digit of 174127270?
7
What is the thousands digit of 167732885?
2
What is the hundred millions digit of 511859393?
5
What is the thousands digit of 920653058?
3
What is the hundred thousands digit of 1201684772?
6
What is the hundreds digit of 3885939519?
5
What is the hundred thousands digit of 3104307?
1
What is the units digit of 143835852?
2
What is the tens digit of 2126915487?
8
What is the ten thousands digit of 40428875?
2
What is the thousands digit of 61354847?
4
What is the ten millions digit of 274128280?
7
What is the tens digit of 1588183492?
9
What is the units digit of 72665850?
0
What is the tens digit of 9648422?
2
What is the millions digit of 576905398?
6
What is the hundreds digit of 377480494?
4
What is the millions digit of 979722753?
9
What is the thousands digit of 519289686?
9
What is the millions digit of 27485485?
7
What is the ten thousands digit of 285580032?
8
What is the ten thousands digit of 84297438?
9
What is the hundred thousands digit of 73615279?
6
What is the ten